 remainder when 46803 is divided by 18?
3
What is the remainder when 173422 is divided by 2588?
26
What is the remainder when 1492 is divided by 431?
199
What is the remainder when 156012 is divided by 112?
108
Calculate the remainder when 17596 is divided by 618.
292
Calculate the remainder when 27209 is divided by 3887.
0
What is the remainder when 47596 is divided by 16?
12
Calculate the remainder when 130250 is divided by 5208.
50
Calculate the remainder when 19582 is divided by 4.
2
What is the remainder when 1736834 is divided by 17?
12
What is the remainder when 416 is divided by 345?
71
Calculate the remainder when 549 is divided by 326.
223
What is the remainder when 42423 is divided by 143?
95
Calculate the remainder when 99404 is divided by 86.
74
What is the remainder when 146086 is divided by 139?
136
What is the remainder when 91142 is divided by 9?
8
Calculate the remainder when 54711 is divided by 28.
27
Calculate the remainder when 34945 is divided by 17472.
1
What is the remainder when 26540 is divided by 26531?
9
What is the remainder when 7984 is divided by 570?
4
What is the remainder when 2237 is divided by 244?
41
Calculate the remainder when 8978 is divided by 7.
4
What is the remainder when 117242 is divided by 5861?
22
Calculate the remainder when 1778 is divided by 581.
35
Calculate the remainder when 28963 is divided by 1650.
913
Calculate the remainder when 3759 is divided by 1686.
387
What is the remainder when 56043 is divided by 1077?
39
What is the remainder when 38879 is divided by 1149?
962
What is the remainder when 684381 is divided by 17?
12
Calculate the remainder when 135602 is divided by 45147.
161
What is the remainder when 10833 is divided by 678?
663
Calculate the remainder when 2116 is divided by 295.
51
Calculate the remainder when 1289 is divided by 162.
155
What is the remainder when 64349 is divided by 165?
164
What is the remainder when 90574 is divided by 24?
22
Calculate the remainder when 3220 is divided by 1090.
1040
What is the remainder when 3058 is divided by 179?
15
What is the remainder when 41867 is divided by 53?
50
Calculate the remainder when 33471 is divided by 864.
639
Calculate the remainder when 150758 is divided by 20.
18
What is the remainder when 10552 is divided by 135?
22
Calculate the remainder when 107150 is divided by 362.
360
What is the remainder when 17998 is divided by 1417?
994
Calculate the remainder when 5809 is divided by 277.
269
Calculate the remainder when 13809 is divided by 1939.
236
What is the remainder when 144764 is divided by 123?
116
Calculate the remainder when 255 is divided by 26.
21
Calculate the remainder when 7570 is divided by 329.
3
Calculate the remainder when 8096 is divided by 477.
464
What is the remainder when 14419 is divided by 774?
487
Calculate the remainder when 5632 is divided by 1121.
27
What is the remainder when 53960 is divided by 25?
10
Calculate the remainder when 2221 is divided by 244.
25
Calculate the remainder when 2790 is divided by 23.
7
What is the remainder when 12228 is divided by 19?
11
Calculate the remainder when 10809 is divided by 104.
97
What is the remainder when 41945 is divided by 61?
38
Calculate the remainder when 3268 is divided by 803.
56
Calculate the remainder when 5899 is divided by 1166.
69
What is the remainder when 5034 is divided by 103?
90
Calculate the remainder when 43077 is divided by 43063.
14
What is the remainder when 65319 is divided by 403?
33
What is the remainder when 13251 is divided by 26?
17
Calculate the remainder when 236910 is divided by 68.
66
What is the remainder when 88874 is divided by 225?
224
Calculate the remainder when 200475 is divided by 138.
99
Calculate the remainder when 93964 is divided by 282.
58
What is the remainder when 4291 is divided by 486?
403
Calculate the remainder when 7276 is divided by 239.
106
Calculate the remainder when 15905 is divided by 339.
311
What is the remainder when 4260 is divided by 4256?
4
Calculate the remainder when 2845 is divided by 355.
5
What is the remainder when 146 is divided by 68?
10
Calculate the remainder when 148557 is divided by 148498.
59
What is the remainder when 60215 is divided by 555?
275
Calculate the remainder when 13095 is divided by 226.
213
What is the remainder when 1198 is divided by 300?
298
Calculate the remainder when 686 is divided by 131.
31
Calculate the remainder when 8931 is divided by 19.
1
Calculate the remainder when 2049 is divided by 219.
78
Calculate the remainder when 5330 is divided by 167.
153
Calculate the remainder when 1410 is divided by 10.
0
What is the remainder when 21527 is divided by 31?
13
Calculate the remainder when 28431 is divided by 279.
252
What is the remainder when 307 is divided by 48?
19
Calculate the remainder when 436 is divided by 414.
22
Calculate the remainder when 42741 is divided by 113.
27
Calculate the remainder when 220566 is divided by 401.
16
What is the remainder when 605400 is divided by 361?
3
Calculate the remainder when 51189 is divided by 81.
78
What is the remainder when 87 is divided by 62?
25
Calculate the remainder when 51774 is divided by 10.
4
Calculate the remainder when 217545 is divided by 191.
187
What is the remainder when 100 is divided by 92?
8
Calculate the remainder when 44596 is divided by 1117.
1033
Calculate the remainder when 12986 is divided by 757.
117
Calculate the remainder when 258878 is divided by 155.
28
Calculate the remainder when 1272 is divided by 160.
152
What is the remainder when 757 is divided by 107?
8
What is the remainder when 1638 is divided by 35?
28
Calculate the remainder when 5244 is divided by 348.
24
What is the remainder when 275006 is divided by 137498?
10
Calculate the remainder when 48539 is divided by 148.
143
Calculate the remainder when 574381 is divided by 191457.
10
Calculate the remainder when 35492 is divided by 51.
47
Calculate the remainder when 257058 is divided by 5355.
18
Calculate the remainder when 20427 is divided by 437.
325
What is the remainder when 61213 is divided by 381?
253
What is the remainder when 7460 is divided by 439?
436
Calculate the remainder when 10723 is divided by 195.
193
Calculate the remainder when 2277 is divided by 39.
15
Calculate the remainder when 3552 is divided by 96.
0
What is the remainder when 32295 is divided by 181?
77
What is the remainder when 10891 is divided by 27?
10
Calculate the remainder when 25893 is divided by 242.
241
What is the remainder when 198363 is divided by 1681?
5
Calculate the remainder when 19252 is divided by 147.
142
Calculate the remainder when 9237867 is divided by 9.
6
Calculate the remainder when 86581 is divided by 43252.
77
Calculate the remainder when 21904 is divided by 359.
5
What is the remainder when 2994 is divided by 215?
199
Calculate the remainder when 295715 is divided by 98570.
5
What is the remainder when 838367 is divided by 26?
23
What is the remainder when 8633 is divided by 360?
353
Calculate the remainder when 45153 is divided by 868.
17
Calculate the remainder when 1014 is divided by 2.
0
What is the remainder when 14420 is divided by 160?
20
Calculate the remainder when 11527 is divided by 8.
7
Calculate the remainder when 659337 is divided by 812.
805
Calculate the remainder when 351172 is divided by 61.
56
What is the remainder when 182269 is divided by 8?
5
Calculate the remainder when 125375 is divided by 295.
0
What is the remainder when 20422 is divided by 1129?
100
Calculate the remainder when 10023 is divided by 64.
39
What is the remainder when 13152 is divided by 1644?
0
Calculate the remainder when 552221 is divided by 260.
241
What is the remainder when 1004636 is divided by 184?
180
What is the remainder when 14302 is divided by 98?
92
What is the remainder when 52478 is divided by 216?
206
Calculate the remainder when 15675 is divided by 201.
198
Calculate the remainder when 2370 is divided by 392.
18
What is the remainder when 28204 is divided by 5494?
734
Calculate the remainder when 363840 is divided by 7909.
26
Calculate the remainder when 805466 is divided by 505.
496
Calculate the remainder when 83365 is divided by 5552.
85
Calculate the remainder when 61089 is divided by 400.
289
What is t